[INFO] cloning repository https://github.com/LearnR-LMS/certificates-contract
[INFO] running `Command { std: "git" "-c" "credential.helper=" "-c" "credential.helper=/workspace/cargo-home/bin/git-credential-null" "clone" "--bare" "https://github.com/LearnR-LMS/certificates-contract" "/workspace/cache/git-repos/https%3A%2F%2Fgithub.com%2FLearnR-LMS%2Fcertificates-contract", kill_on_drop: false }`
[INFO] [stderr] Cloning into bare repository '/workspace/cache/git-repos/https%3A%2F%2Fgithub.com%2FLearnR-LMS%2Fcertificates-contract'...
[INFO] running `Command { std: "git" "rev-parse" "HEAD", kill_on_drop: false }`
[INFO] [stdout] b5b1bd682e658ba7772ce5e34a80c9fc3e2b1b0f
[INFO] checking LearnR-LMS/certificates-contract against master#9610dfe5a9a731ced1ea4923ecbd0c57fe367898 for beta-170-4
[INFO] running `Command { std: "git" "clone" "/workspace/cache/git-repos/https%3A%2F%2Fgithub.com%2FLearnR-LMS%2Fcertificates-contract" "/workspace/builds/worker-4-tc1/source", kill_on_drop: false }`
[INFO] [stderr] Cloning into '/workspace/builds/worker-4-tc1/source'...
[INFO] [stderr] done.
[INFO] validating manifest of git repo https://github.com/LearnR-LMS/certificates-contract on toolchain 9610dfe5a9a731ced1ea4923ecbd0c57fe367898
[INFO] running `Command { std: CARGO_HOME="/workspace/cargo-home" RUSTUP_HOME="/workspace/rustup-home" "/workspace/cargo-home/bin/cargo" "+9610dfe5a9a731ced1ea4923ecbd0c57fe367898" "metadata" "--manifest-path" "Cargo.toml" "--no-deps", kill_on_drop: false }`
[INFO] removed /workspace/builds/worker-4-tc1/source/.cargo/config
[INFO] started tweaking git repo https://github.com/LearnR-LMS/certificates-contract
[INFO] finished tweaking git repo https://github.com/LearnR-LMS/certificates-contract
[INFO] tweaked toml for git repo https://github.com/LearnR-LMS/certificates-contract written to /workspace/builds/worker-4-tc1/source/Cargo.toml
[INFO] crate git repo https://github.com/LearnR-LMS/certificates-contract already has a lockfile, it will not be regenerated
[INFO] running `Command { std: CARGO_HOME="/workspace/cargo-home" RUSTUP_HOME="/workspace/rustup-home" "/workspace/cargo-home/bin/cargo" "+9610dfe5a9a731ced1ea4923ecbd0c57fe367898" "fetch" "--manifest-path" "Cargo.toml", kill_on_drop: false }`
[INFO] [stderr]  Downloading crates ...
[INFO] [stderr]   Downloaded pkcs8 v0.7.5
[INFO] [stderr]   Downloaded ff v0.10.0
[INFO] [stderr]   Downloaded cosmwasm-crypto v1.0.0-beta4
[INFO] [stderr]   Downloaded schemars v0.8.3
[INFO] [stderr]   Downloaded cosmwasm-schema v1.0.0-beta
[INFO] [stderr]   Downloaded cosmwasm-derive v1.0.0-beta4
[INFO] [stderr]   Downloaded zeroize v1.4.1
[INFO] [stderr]   Downloaded cw-storage-plus v0.11.1
[INFO] [stderr]   Downloaded cosmwasm-storage v1.0.0-beta
[INFO] [stderr]   Downloaded crypto-bigint v0.2.2
[INFO] [stderr]   Downloaded der v0.4.1
[INFO] [stderr]   Downloaded cosmwasm-std v1.0.0-beta4
[INFO] [stderr]   Downloaded ecdsa v0.12.3
[INFO] [stderr]   Downloaded elliptic-curve v0.10.5
[INFO] [stderr]   Downloaded schemars_derive v0.8.3
[INFO] [stderr]   Downloaded cw2 v0.11.1
[INFO] running `Command { std: "docker" "create" "-v" "/var/lib/crater-agent-workspace/builds/worker-4-tc1/target:/opt/rustwide/target:rw,Z" "-v" "/var/lib/crater-agent-workspace/builds/worker-4-tc1/source:/opt/rustwide/workdir:ro,Z" "-v" "/var/lib/crater-agent-workspace/cargo-home:/opt/rustwide/cargo-home:ro,Z" "-v" "/var/lib/crater-agent-workspace/rustup-home:/opt/rustwide/rustup-home:ro,Z" "-e" "SOURCE_DIR=/opt/rustwide/workdir" "-e" "CARGO_TARGET_DIR=/opt/rustwide/target" "-e" "CARGO_HOME=/opt/rustwide/cargo-home" "-e" "RUSTUP_HOME=/opt/rustwide/rustup-home" "-w" "/opt/rustwide/workdir" "-m" "1610612736" "--user" "0:0" "--network" "none" "ghcr.io/rust-lang/crates-build-env/linux@sha256:19e73879b68f455e41552ea35293514db52ea292d993f571636dbffedb77a1ee" "/opt/rustwide/cargo-home/bin/cargo" "+9610dfe5a9a731ced1ea4923ecbd0c57fe367898" "metadata" "--no-deps" "--format-version=1", kill_on_drop: false }`
[INFO] [stdout] 034bc856d13fdc0a49ab33d8c6cf6c346c8a52b1f27578d1264f1733b2808d35
[INFO] running `Command { std: "docker" "start" "-a" "034bc856d13fdc0a49ab33d8c6cf6c346c8a52b1f27578d1264f1733b2808d35", kill_on_drop: false }`
[INFO] running `Command { std: "docker" "inspect" "034bc856d13fdc0a49ab33d8c6cf6c346c8a52b1f27578d1264f1733b2808d35", kill_on_drop: false }`
[INFO] running `Command { std: "docker" "rm" "-f" "034bc856d13fdc0a49ab33d8c6cf6c346c8a52b1f27578d1264f1733b2808d35", kill_on_drop: false }`
[INFO] [stdout] 034bc856d13fdc0a49ab33d8c6cf6c346c8a52b1f27578d1264f1733b2808d35
[INFO] running `Command { std: "docker" "create" "-v" "/var/lib/crater-agent-workspace/builds/worker-4-tc1/target:/opt/rustwide/target:rw,Z" "-v" "/var/lib/crater-agent-workspace/builds/worker-4-tc1/source:/opt/rustwide/workdir:ro,Z" "-v" "/var/lib/crater-agent-workspace/cargo-home:/opt/rustwide/cargo-home:ro,Z" "-v" "/var/lib/crater-agent-workspace/rustup-home:/opt/rustwide/rustup-home:ro,Z" "-e" "SOURCE_DIR=/opt/rustwide/workdir" "-e" "CARGO_TARGET_DIR=/opt/rustwide/target" "-e" "CARGO_INCREMENTAL=0" "-e" "RUST_BACKTRACE=full" "-e" "RUSTFLAGS=--cap-lints=forbid" "-e" "RUSTDOCFLAGS=--cap-lints=forbid" "-e" "CARGO_HOME=/opt/rustwide/cargo-home" "-e" "RUSTUP_HOME=/opt/rustwide/rustup-home" "-w" "/opt/rustwide/workdir" "-m" "1610612736" "--user" "0:0" "--network" "none" "ghcr.io/rust-lang/crates-build-env/linux@sha256:19e73879b68f455e41552ea35293514db52ea292d993f571636dbffedb77a1ee" "/opt/rustwide/cargo-home/bin/cargo" "+9610dfe5a9a731ced1ea4923ecbd0c57fe367898" "check" "--frozen" "--all" "--all-targets" "--message-format=json", kill_on_drop: false }`
[INFO] [stdout] 6dd54b50cb18b179257f748c9fa1934397be7cef2c9937f9921e67bc76f2b6ec
[INFO] running `Command { std: "docker" "start" "-a" "6dd54b50cb18b179257f748c9fa1934397be7cef2c9937f9921e67bc76f2b6ec", kill_on_drop: false }`
[INFO] [stderr]    Compiling proc-macro2 v1.0.28
[INFO] [stderr]    Compiling libc v0.2.99
[INFO] [stderr]    Compiling unicode-xid v0.2.2
[INFO] [stderr]    Compiling version_check v0.9.3
[INFO] [stderr]    Compiling typenum v1.13.0
[INFO] [stderr]    Compiling syn v1.0.74
[INFO] [stderr]     Checking cfg-if v1.0.0
[INFO] [stderr]     Checking subtle v2.4.1
[INFO] [stderr]    Compiling serde_derive v1.0.127
[INFO] [stderr]    Compiling serde v1.0.127
[INFO] [stderr]     Checking const-oid v0.6.0
[INFO] [stderr]     Checking zeroize v1.4.1
[INFO] [stderr]    Compiling getrandom v0.1.16
[INFO] [stderr]    Compiling ryu v1.0.5
[INFO] [stderr]     Checking cpufeatures v0.1.5
[INFO] [stderr]    Compiling serde_json v1.0.66
[INFO] [stderr]     Checking opaque-debug v0.3.0
[INFO] [stderr]     Checking byteorder v1.4.3
[INFO] [stderr]    Compiling schemars v0.8.3
[INFO] [stderr]     Checking hex v0.4.3
[INFO] [stderr]     Checking itoa v0.4.7
[INFO] [stderr]     Checking der v0.4.1
[INFO] [stderr]    Compiling crunchy v0.2.2
[INFO] [stderr]     Checking dyn-clone v1.0.4
[INFO] [stderr]     Checking static_assertions v1.1.0
[INFO] [stderr]     Checking base64 v0.13.0
[INFO] [stderr]    Compiling generic-array v0.14.4
[INFO] [stderr]     Checking uint v0.9.1
[INFO] [stderr]     Checking spki v0.4.0
[INFO] [stderr]     Checking pkcs8 v0.7.5
[INFO] [stderr]    Compiling quote v1.0.9
[INFO] [stderr]     Checking getrandom v0.2.3
[INFO] [stderr]     Checking rand_core v0.6.3
[INFO] [stderr]     Checking rand_core v0.5.1
[INFO] [stderr]     Checking ff v0.10.0
[INFO] [stderr]     Checking group v0.10.0
[INFO] [stderr]     Checking digest v0.9.0
[INFO] [stderr]     Checking block-buffer v0.9.0
[INFO] [stderr]     Checking crypto-mac v0.11.1
[INFO] [stderr]     Checking crypto-bigint v0.2.2
[INFO] [stderr]     Checking hmac v0.11.0
[INFO] [stderr]     Checking signature v1.3.1
[INFO] [stderr]     Checking sha2 v0.9.5
[INFO] [stderr]     Checking curve25519-dalek v3.2.0
[INFO] [stderr]     Checking elliptic-curve v0.10.5
[INFO] [stderr]     Checking ecdsa v0.12.3
[INFO] [stderr]     Checking k256 v0.9.6
[INFO] [stderr]    Compiling serde_derive_internals v0.25.0
[INFO] [stderr]    Compiling thiserror-impl v1.0.26
[INFO] [stderr]    Compiling schemars_derive v0.8.3
[INFO] [stderr]    Compiling cosmwasm-derive v1.0.0-beta4
[INFO] [stderr]     Checking thiserror v1.0.26
[INFO] [stderr]     Checking ed25519-zebra v2.2.0
[INFO] [stderr]     Checking serde-json-wasm v0.3.2
[INFO] [stderr]     Checking cosmwasm-crypto v1.0.0-beta4
[INFO] [stderr]     Checking cosmwasm-std v1.0.0-beta4
[INFO] [stderr]     Checking cosmwasm-schema v1.0.0-beta
[INFO] [stderr]     Checking cw-storage-plus v0.11.1
[INFO] [stderr]     Checking cosmwasm-storage v1.0.0-beta
[INFO] [stderr]     Checking cw2 v0.11.1
[INFO] [stderr]     Checking certificates-contract v0.1.0 (/opt/rustwide/workdir)
[INFO] [stdout] error[E0432]: unresolved import `crate::msg::CountResponse`
[INFO] [stdout]  --> src/contract.rs:7:18
[INFO] [stdout]   |
[INFO] [stdout] 7 | use crate::msg::{CountResponse, ExecuteMsg, InstantiateMsg, QueryMsg};
[INFO] [stdout]   |                  ^^^^^^^^^^^^^ no `CountResponse` in `msg`
[INFO] [stdout] 
[INFO] [stdout] 
[INFO] [stdout] error[E0432]: unresolved import `crate::msg::CountResponse`
[INFO] [stdout]  --> src/contract.rs:7:18
[INFO] [stdout]   |
[INFO] [stdout] 7 | use crate::msg::{CountResponse, ExecuteMsg, InstantiateMsg, QueryMsg};
[INFO] [stdout]   |                  ^^^^^^^^^^^^^ no `CountResponse` in `msg`
[INFO] [stdout] 
[INFO] [stdout] 
[INFO] [stdout] error[E0425]: cannot find value `pen` in this scope
[INFO] [stdout]   --> src/contract.rs:69:15
[INFO] [stdout]    |
[INFO] [stdout] 69 |     let key = pen.certificate.as_bytes();
[INFO] [stdout]    |               ^^^ not found in this scope
[INFO] [stdout] 
[INFO] [stdout] 
[INFO] [stdout] error[E0425]: cannot find value `pen` in this scope
[INFO] [stdout]   --> src/contract.rs:69:15
[INFO] [stdout]    |
[INFO] [stdout] 69 |     let key = pen.certificate.as_bytes();
[INFO] [stdout]    |               ^^^ not found in this scope
[INFO] [stdout] 
[INFO] [stdout] 
[INFO] [stdout] error[E0609]: no field `count` on type `Certificate`
[INFO] [stdout]   --> src/contract.rs:59:37
[INFO] [stdout]    |
[INFO] [stdout] 59 |     Ok(CountResponse { count: state.count })
[INFO] [stdout]    |                                     ^^^^^ unknown field
[INFO] [stdout]    |
[INFO] [stdout]    = note: available fields are: `owner`, `id`
[INFO] [stdout] 
[INFO] [stdout] 
[INFO] [stdout] error[E0609]: no field `count` on type `Certificate`
[INFO] [stdout]   --> src/contract.rs:59:37
[INFO] [stdout]    |
[INFO] [stdout] 59 |     Ok(CountResponse { count: state.count })
[INFO] [stdout]    |                                     ^^^^^ unknown field
[INFO] [stdout]    |
[INFO] [stdout]    = note: available fields are: `owner`, `id`
[INFO] [stdout] 
[INFO] [stdout] 
[INFO] [stdout] error[E0063]: missing field `owner` in initializer of `Certificate`
[INFO] [stdout]   --> src/contract.rs:66:23
[INFO] [stdout]    |
[INFO] [stdout] 66 |     let certificate = Certificate {
[INFO] [stdout]    |                       ^^^^^^^^^^^ missing `owner`
[INFO] [stdout] 
[INFO] [stdout] 
[INFO] [stdout] error[E0063]: missing field `owner` in initializer of `Certificate`
[INFO] [stdout]   --> src/contract.rs:66:23
[INFO] [stdout]    |
[INFO] [stdout] 66 |     let certificate = Certificate {
[INFO] [stdout]    |                       ^^^^^^^^^^^ missing `owner`
[INFO] [stdout] 
[INFO] [stdout] 
[INFO] [stdout] error[E0425]: cannot find function `store` in this scope
[INFO] [stdout]   --> src/contract.rs:70:9
[INFO] [stdout]    |
[INFO] [stdout] 70 |     if (store(deps.storage).may_load(key)?).is_some() {
[INFO] [stdout]    |         ^^^^^ not found in this scope
[INFO] [stdout] 
[INFO] [stdout] 
[INFO] [stdout] error[E0425]: cannot find function `store` in this scope
[INFO] [stdout]   --> src/contract.rs:70:9
[INFO] [stdout]    |
[INFO] [stdout] 70 |     if (store(deps.storage).may_load(key)?).is_some() {
[INFO] [stdout]    |         ^^^^^ not found in this scope
[INFO] [stdout] 
[INFO] [stdout] 
[INFO] [stdout] error[E0599]: no variant named `IdTaken` found for enum `ContractError`
[INFO] [stdout]   --> src/contract.rs:72:35
[INFO] [stdout]    |
[INFO] [stdout] 72 |         return Err(ContractError::IdTaken { id: certificate.id });
[INFO] [stdout]    |                                   ^^^^^^^ variant not found in `ContractError`
[INFO] [stdout]    |
[INFO] [stdout]   ::: src/error.rs:5:1
[INFO] [stdout]    |
[INFO] [stdout] 5  | pub enum ContractError {
[INFO] [stdout]    | ---------------------- variant `IdTaken` not found here
[INFO] [stdout] 
[INFO] [stdout] 
[INFO] [stdout] error[E0599]: no variant named `IdTaken` found for enum `ContractError`
[INFO] [stdout]   --> src/contract.rs:72:35
[INFO] [stdout]    |
[INFO] [stdout] 72 |         return Err(ContractError::IdTaken { id: certificate.id });
[INFO] [stdout]    |                                   ^^^^^^^ variant not found in `ContractError`
[INFO] [stdout]    |
[INFO] [stdout]   ::: src/error.rs:5:1
[INFO] [stdout]    |
[INFO] [stdout] 5  | pub enum ContractError {
[INFO] [stdout]    | ---------------------- variant `IdTaken` not found here
[INFO] [stdout] 
[INFO] [stdout] 
[INFO] [stdout] error[E0425]: cannot find function `store` in this scope
[INFO] [stdout]   --> src/contract.rs:74:5
[INFO] [stdout]    |
[INFO] [stdout] 74 |     store(deps.storage).save(key, &certificate)?;
[INFO] [stdout]    |     ^^^^^ not found in this scope
[INFO] [stdout] 
[INFO] [stdout] 
[INFO] [stdout] error[E0425]: cannot find function `store` in this scope
[INFO] [stdout]   --> src/contract.rs:74:5
[INFO] [stdout]    |
[INFO] [stdout] 74 |     store(deps.storage).save(key, &certificate)?;
[INFO] [stdout]    |     ^^^^^ not found in this scope
[INFO] [stdout] 
[INFO] [stdout] 
[INFO] [stdout] error: aborting due to 7 previous errors
[INFO] [stdout] 
[INFO] [stdout] 
[INFO] [stdout] Some errors have detailed explanations: E0063, E0425, E0432, E0599, E0609.
[INFO] [stdout] 
[INFO] [stdout] For more information about an error, try `rustc --explain E0063`.
[INFO] [stdout] 
[INFO] [stdout] error: aborting due to 7 previous errors
[INFO] [stdout] 
[INFO] [stdout] 
[INFO] [stdout] Some errors have detailed explanations: E0063, E0425, E0432, E0599, E0609.
[INFO] [stdout] 
[INFO] [stdout] For more information about an error, try `rustc --explain E0063`.
[INFO] [stdout] 
[INFO] [stderr] error: could not compile `certificates-contract` (lib) due to 8 previous errors
[INFO] [stderr] warning: build failed, waiting for other jobs to finish...
[INFO] [stderr] error: could not compile `certificates-contract` (lib test) due to 8 previous errors
[INFO] running `Command { std: "docker" "inspect" "6dd54b50cb18b179257f748c9fa1934397be7cef2c9937f9921e67bc76f2b6ec", kill_on_drop: false }`
[INFO] running `Command { std: "docker" "rm" "-f" "6dd54b50cb18b179257f748c9fa1934397be7cef2c9937f9921e67bc76f2b6ec", kill_on_drop: false }`
[INFO] [stdout] 6dd54b50cb18b179257f748c9fa1934397be7cef2c9937f9921e67bc76f2b6ec
